{"id":744,"date":"2023-02-17T10:24:45","date_gmt":"2023-02-17T09:24:45","guid":{"rendered":"https:\/\/laurencenouzillat.com\/?page_id=744"},"modified":"2023-02-24T11:43:25","modified_gmt":"2023-02-24T10:43:25","slug":"bio","status":"publish","type":"page","link":"https:\/\/laurencenouzillat.com\/index.php\/bio\/","title":{"rendered":"BIO"},"content":{"rendered":"\t\t<div data-elementor-type=\"wp-page\" data-elementor-id=\"744\" class=\"elementor elementor-744\">\n\t\t\t\t\t\t\t\t\t<section class=\"elementor-section elementor-top-section elementor-element elementor-element-4981e6d elementor-section-boxed elementor-section-height-default elementor-section-height-default\" data-id=\"4981e6d\" data-element_type=\"section\">\n\t\t\t\t\t\t<div class=\"elementor-container elementor-column-gap-default\">\n\t\t\t\t\t<div class=\"elementor-column elementor-col-100 elementor-top-column elementor-element elementor-element-5191eb3\" data-id=\"5191eb3\" data-element_type=\"column\">\n\t\t\t<div class=\"elementor-widget-wrap elementor-element-populated\">\n\t\t\t\t\t\t\t\t<div class=\"elementor-element elementor-element-484db5f elementor-widget elementor-widget-text-editor\" data-id=\"484db5f\" data-element_type=\"widget\" data-widget_type=\"text-editor.default\">\n\t\t\t\t<div class=\"elementor-widget-container\">\n\t\t\t<style>\/*! elementor - v3.11.2 - 22-02-2023 *\/\n.elementor-widget-text-editor.elementor-drop-cap-view-stacked .elementor-drop-cap{background-color:#818a91;color:#fff}.elementor-widget-text-editor.elementor-drop-cap-view-framed .elementor-drop-cap{color:#818a91;border:3px solid;background-color:transparent}.elementor-widget-text-editor:not(.elementor-drop-cap-view-default) .elementor-drop-cap{margin-top:8px}.elementor-widget-text-editor:not(.elementor-drop-cap-view-default) .elementor-drop-cap-letter{width:1em;height:1em}.elementor-widget-text-editor .elementor-drop-cap{float:left;text-align:center;line-height:1;font-size:50px}.elementor-widget-text-editor .elementor-drop-cap-letter{display:inline-block}<\/style>\t\t\t\t<p>Laurence Nouzillat, peintre-graveuse, vit et travaille dans le sud de la France.<\/p><p>D&rsquo;aussi loin qu&rsquo;elle se souvienne, une immense fresque (immense, vu sa taille \u00e0 la maternelle), aux couleurs tendres, o\u00f9 le vert et le bleu dominaient, reste arrim\u00e9 \u00e0 sa m\u00e9moire.<\/p><p>Peut-\u00eatre est-elle au tout d\u00e9but ?<\/p><p>D\u00e8s l&rsquo;adolescence une connexion s&rsquo;\u00e9tablit avec le dessin et la peinture. Fascin\u00e9e et s\u00e9duite, par le pouvoir de la couleur, ce mat\u00e9riau est rapidement devenu intime. Un besoin d&rsquo;isolement.<\/p><p>Les ateliers d&rsquo;apprentissage et de partages, se succ\u00e8dent .\u00a0<\/p><p>La forme figurative, longtemps exp\u00e9riment\u00e9e, croise aujourd&rsquo;hui l&rsquo;abstraction.<\/p><p>Les combinaisons se font et se d\u00e9font&#8230;<\/p><p>Les aplats de couleurs s&rsquo;enchev\u00eatrent aux traits&#8230;<\/p><p>Les noirs et les blancs sont complices&#8230;<\/p><p>La d\u00e9couverte de la gravure a enrichi son travail et est devenue une v\u00e9ritable passion.<\/p><p>L&rsquo;image produite et le processus en font une pratique de chaque jour.<\/p><p>Comme avec tous les autres m\u00e9diums, la qu\u00eate de l&rsquo;ombre et la lumi\u00e8re occupe une grande place.<\/p>\t\t\t\t\t\t<\/div>\n\t\t\t\t<\/div>\n\t\t\t\t\t<\/div>\n\t\t<\/div>\n\t\t\t\t\t\t\t<\/div>\n\t\t<\/section>\n\t\t\t\t\t\t\t<\/div>\n\t\t","protected":false},"excerpt":{"rendered":"<p>Laurence Nouzillat, peintre-graveuse, vit et travaille dans le sud de la France. D&rsquo;aussi loin qu&rsquo;elle se souvienne, une immense fresque (immense, vu sa taille \u00e0 la maternelle), aux couleurs tendres, o\u00f9 le vert et le bleu dominaient, reste arrim\u00e9 \u00e0 sa m\u00e9moire. Peut-\u00eatre est-elle au tout d\u00e9but ? D\u00e8s l&rsquo;adolescence une connexion s&rsquo;\u00e9tablit avec le dessin et la peinture. Fascin\u00e9e et s\u00e9duite, par le pouvoir de la couleur, ce mat\u00e9riau est rapidement devenu intime. Un besoin d&rsquo;isolement. Les ateliers d&rsquo;apprentissage et de partages, se succ\u00e8dent .\u00a0 La forme figurative, longtemps exp\u00e9riment\u00e9e, croise aujourd&rsquo;hui l&rsquo;abstraction. Les combinaisons se font et se\u2026<\/p>\n","protected":false},"author":1,"featured_media":0,"parent":0,"menu_order":0,"comment_status":"closed","ping_status":"closed","template":"","meta":[],"blocksy_meta":{"styles_descriptor":{"styles":{"desktop":"","tablet":"","mobile":""},"google_fonts":[],"version":5}},"yoast_head":"<!-- This site is optimized with the Yoast SEO plugin v21.1 - https:\/\/yoast.com\/wordpress\/plugins\/seo\/ -->\n<title>BIO - LAURENCE NOUZILLAT<\/title>\n<meta name=\"robots\" content=\"index, follow, max-snippet:-1, max-image-preview:large, max-video-preview:-1\" \/>\n<link rel=\"canonical\" href=\"https:\/\/laurencenouzillat.com\/index.php\/bio\/\" \/>\n<meta property=\"og:locale\" content=\"fr_FR\" \/>\n<meta property=\"og:type\" content=\"article\" \/>\n<meta property=\"og:title\" content=\"BIO - LAURENCE NOUZILLAT\" \/>\n<meta property=\"og:description\" content=\"Laurence Nouzillat, peintre-graveuse, vit et travaille dans le sud de la France. D&rsquo;aussi loin qu&rsquo;elle se souvienne, une immense fresque (immense, vu sa taille \u00e0 la maternelle), aux couleurs tendres, o\u00f9 le vert et le bleu dominaient, reste arrim\u00e9 \u00e0 sa m\u00e9moire. Peut-\u00eatre est-elle au tout d\u00e9but ? D\u00e8s l&rsquo;adolescence une connexion s&rsquo;\u00e9tablit avec le dessin et la peinture. Fascin\u00e9e et s\u00e9duite, par le pouvoir de la couleur, ce mat\u00e9riau est rapidement devenu intime. Un besoin d&rsquo;isolement. Les ateliers d&rsquo;apprentissage et de partages, se succ\u00e8dent .\u00a0 La forme figurative, longtemps exp\u00e9riment\u00e9e, croise aujourd&rsquo;hui l&rsquo;abstraction. Les combinaisons se font et se\u2026\" \/>\n<meta property=\"og:url\" content=\"https:\/\/laurencenouzillat.com\/index.php\/bio\/\" \/>\n<meta property=\"og:site_name\" content=\"LAURENCE NOUZILLAT\" \/>\n<meta property=\"article:modified_time\" content=\"2023-02-24T10:43:25+00:00\" \/>\n<meta name=\"twitter:card\" content=\"summary_large_image\" \/>\n<meta name=\"twitter:label1\" content=\"Dur\u00e9e de lecture estim\u00e9e\" \/>\n\t<meta name=\"twitter:data1\" content=\"1 minute\" \/>\n<script type=\"application\/ld+json\" class=\"yoast-schema-graph\">{\"@context\":\"https:\/\/schema.org\",\"@graph\":[{\"@type\":\"WebPage\",\"@id\":\"https:\/\/laurencenouzillat.com\/index.php\/bio\/\",\"url\":\"https:\/\/laurencenouzillat.com\/index.php\/bio\/\",\"name\":\"BIO - LAURENCE NOUZILLAT\",\"isPartOf\":{\"@id\":\"https:\/\/laurencenouzillat.com\/#website\"},\"datePublished\":\"2023-02-17T09:24:45+00:00\",\"dateModified\":\"2023-02-24T10:43:25+00:00\",\"breadcrumb\":{\"@id\":\"https:\/\/laurencenouzillat.com\/index.php\/bio\/#breadcrumb\"},\"inLanguage\":\"fr-FR\",\"potentialAction\":[{\"@type\":\"ReadAction\",\"target\":[\"https:\/\/laurencenouzillat.com\/index.php\/bio\/\"]}]},{\"@type\":\"BreadcrumbList\",\"@id\":\"https:\/\/laurencenouzillat.com\/index.php\/bio\/#breadcrumb\",\"itemListElement\":[{\"@type\":\"ListItem\",\"position\":1,\"name\":\"Accueil\",\"item\":\"https:\/\/laurencenouzillat.com\/\"},{\"@type\":\"ListItem\",\"position\":2,\"name\":\"BIO\"}]},{\"@type\":\"WebSite\",\"@id\":\"https:\/\/laurencenouzillat.com\/#website\",\"url\":\"https:\/\/laurencenouzillat.com\/\",\"name\":\"LAURENCE NOUZILLAT\",\"description\":\"peintre\/graveuse\",\"publisher\":{\"@id\":\"https:\/\/laurencenouzillat.com\/#organization\"},\"potentialAction\":[{\"@type\":\"SearchAction\",\"target\":{\"@type\":\"EntryPoint\",\"urlTemplate\":\"https:\/\/laurencenouzillat.com\/?s={search_term_string}\"},\"query-input\":\"required name=search_term_string\"}],\"inLanguage\":\"fr-FR\"},{\"@type\":\"Organization\",\"@id\":\"https:\/\/laurencenouzillat.com\/#organization\",\"name\":\"LAURENCE NOUZILLAT\",\"url\":\"https:\/\/laurencenouzillat.com\/\",\"logo\":{\"@type\":\"ImageObject\",\"inLanguage\":\"fr-FR\",\"@id\":\"https:\/\/laurencenouzillat.com\/#\/schema\/logo\/image\/\",\"url\":\"https:\/\/laurencenouzillat.com\/wp-content\/uploads\/2021\/10\/oeil-abeille-1-1.jpg\",\"contentUrl\":\"https:\/\/laurencenouzillat.com\/wp-content\/uploads\/2021\/10\/oeil-abeille-1-1.jpg\",\"width\":567,\"height\":853,\"caption\":\"LAURENCE NOUZILLAT\"},\"image\":{\"@id\":\"https:\/\/laurencenouzillat.com\/#\/schema\/logo\/image\/\"}}]}<\/script>\n<!-- \/ Yoast SEO plugin. -->","yoast_head_json":{"title":"BIO - LAURENCE NOUZILLAT","robots":{"index":"index","follow":"follow","max-snippet":"max-snippet:-1","max-image-preview":"max-image-preview:large","max-video-preview":"max-video-preview:-1"},"canonical":"https:\/\/laurencenouzillat.com\/index.php\/bio\/","og_locale":"fr_FR","og_type":"article","og_title":"BIO - LAURENCE NOUZILLAT","og_description":"Laurence Nouzillat, peintre-graveuse, vit et travaille dans le sud de la France. D&rsquo;aussi loin qu&rsquo;elle se souvienne, une immense fresque (immense, vu sa taille \u00e0 la maternelle), aux couleurs tendres, o\u00f9 le vert et le bleu dominaient, reste arrim\u00e9 \u00e0 sa m\u00e9moire. Peut-\u00eatre est-elle au tout d\u00e9but ? D\u00e8s l&rsquo;adolescence une connexion s&rsquo;\u00e9tablit avec le dessin et la peinture. Fascin\u00e9e et s\u00e9duite, par le pouvoir de la couleur, ce mat\u00e9riau est rapidement devenu intime. Un besoin d&rsquo;isolement. Les ateliers d&rsquo;apprentissage et de partages, se succ\u00e8dent .\u00a0 La forme figurative, longtemps exp\u00e9riment\u00e9e, croise aujourd&rsquo;hui l&rsquo;abstraction. Les combinaisons se font et se\u2026","og_url":"https:\/\/laurencenouzillat.com\/index.php\/bio\/","og_site_name":"LAURENCE NOUZILLAT","article_modified_time":"2023-02-24T10:43:25+00:00","twitter_card":"summary_large_image","twitter_misc":{"Dur\u00e9e de lecture estim\u00e9e":"1 minute"},"schema":{"@context":"https:\/\/schema.org","@graph":[{"@type":"WebPage","@id":"https:\/\/laurencenouzillat.com\/index.php\/bio\/","url":"https:\/\/laurencenouzillat.com\/index.php\/bio\/","name":"BIO - LAURENCE NOUZILLAT","isPartOf":{"@id":"https:\/\/laurencenouzillat.com\/#website"},"datePublished":"2023-02-17T09:24:45+00:00","dateModified":"2023-02-24T10:43:25+00:00","breadcrumb":{"@id":"https:\/\/laurencenouzillat.com\/index.php\/bio\/#breadcrumb"},"inLanguage":"fr-FR","potentialAction":[{"@type":"ReadAction","target":["https:\/\/laurencenouzillat.com\/index.php\/bio\/"]}]},{"@type":"BreadcrumbList","@id":"https:\/\/laurencenouzillat.com\/index.php\/bio\/#breadcrumb","itemListElement":[{"@type":"ListItem","position":1,"name":"Accueil","item":"https:\/\/laurencenouzillat.com\/"},{"@type":"ListItem","position":2,"name":"BIO"}]},{"@type":"WebSite","@id":"https:\/\/laurencenouzillat.com\/#website","url":"https:\/\/laurencenouzillat.com\/","name":"LAURENCE NOUZILLAT","description":"peintre\/graveuse","publisher":{"@id":"https:\/\/laurencenouzillat.com\/#organization"},"potentialAction":[{"@type":"SearchAction","target":{"@type":"EntryPoint","urlTemplate":"https:\/\/laurencenouzillat.com\/?s={search_term_string}"},"query-input":"required name=search_term_string"}],"inLanguage":"fr-FR"},{"@type":"Organization","@id":"https:\/\/laurencenouzillat.com\/#organization","name":"LAURENCE NOUZILLAT","url":"https:\/\/laurencenouzillat.com\/","logo":{"@type":"ImageObject","inLanguage":"fr-FR","@id":"https:\/\/laurencenouzillat.com\/#\/schema\/logo\/image\/","url":"https:\/\/laurencenouzillat.com\/wp-content\/uploads\/2021\/10\/oeil-abeille-1-1.jpg","contentUrl":"https:\/\/laurencenouzillat.com\/wp-content\/uploads\/2021\/10\/oeil-abeille-1-1.jpg","width":567,"height":853,"caption":"LAURENCE NOUZILLAT"},"image":{"@id":"https:\/\/laurencenouzillat.com\/#\/schema\/logo\/image\/"}}]}},"_links":{"self":[{"href":"https:\/\/laurencenouzillat.com\/index.php\/wp-json\/wp\/v2\/pages\/744"}],"collection":[{"href":"https:\/\/laurencenouzillat.com\/index.php\/wp-json\/wp\/v2\/pages"}],"about":[{"href":"https:\/\/laurencenouzillat.com\/index.php\/wp-json\/wp\/v2\/types\/page"}],"author":[{"embeddable":true,"href":"https:\/\/laurencenouzillat.com\/index.php\/wp-json\/wp\/v2\/users\/1"}],"replies":[{"embeddable":true,"href":"https:\/\/laurencenouzillat.com\/index.php\/wp-json\/wp\/v2\/comments?post=744"}],"version-history":[{"count":10,"href":"https:\/\/laurencenouzillat.com\/index.php\/wp-json\/wp\/v2\/pages\/744\/revisions"}],"predecessor-version":[{"id":809,"href":"https:\/\/laurencenouzillat.com\/index.php\/wp-json\/wp\/v2\/pages\/744\/revisions\/809"}],"wp:attachment":[{"href":"https:\/\/laurencenouzillat.com\/index.php\/wp-json\/wp\/v2\/media?parent=744"}],"curies":[{"name":"wp","href":"https:\/\/api.w.org\/{rel}","templated":true}]}}